**2 - 15*g. Let y be x(-12). Let o = y + -34. Let f(c) = 2*c**2 - 2*c - 1. Determine f(o).
3
Let l(p) = p**3 + 27*p**2 + 28*p + 52. Let k be l(-26). Let a(q) be the third derivative of -13/24*q**4 - 1/6*q**3 + k*q + 0 - 4*q**2. What is a(-1)?
12
Let y(h) = -2*h + 9. Suppose -10*o + 53 = -47. Give y(o).
-11
Let o(f) = -f**3 - f**2 + f - 3. Suppose -r - 4*n + 6 = n, 0 = -r + 5*n - 4. Let d be (r + (-15)/10)*0. Calculate o(d).
-3
Let g(b) = 3*b - 8 - b**2 + 2 - 5*b + 2*b**2. Suppose -4*x = -4*r, 7*x + 4 = 2*x + 4*r. Give g(x).
18
Let z(v) = v**2 + 10*v + 4. Let m = 26 + -25. Let u(q) = -2*q**3 + q**2 - 1. Let o be u(m). Let f be (18/(-8))/(o/(-8)). Determine z(f).
-5
Let d(y) = -y - 1. Let r(t) = 3*t + 6. Suppose -1 = -4*h + 3. Suppose 8*f - 102 = -86. Let u(k) = f*d(k) + h*r(k). Calculate u(5).
9
Let s = -5 + 7. Let o be ((-1)/s)/(7/126). Let i = 12 + o. Let b(u) = -u**3 + 4*u**2 - u - 1. What is b(i)?
5
Let w(c) = -c**2 - c + 1. Let z(v) = 2*v**2 + 8*v + 4. Let u = -32 + 29. Let g be z(u). Calculate w(g).
-1
Let l(f) = -8*f**2 - 3*f + 8. Let h(b) = 7*b**2 + 2*b - 8. Let r(m) = -6*h(m) - 5*l(m). Let t(c) be the first derivative of r(c). What is t(-3)?
15
Let k(l) = l**2. Suppose -10*z + 2*i = -9*z + 8, z - 4*i = -16. What is k(z)?
0
Let l(n) = -n + 11. Suppose -2*q + 5*q = 0. Suppose 3*x - 6*x + i + 19 = q, 4*i + 4 = 0. What is l(x)?
5
Let c(z) = -5*z. Let u = 62 - 67. What is c(u)?
25
Let y(l) = 6*l**2 - 2*l - 1. Let u(b) = -2*b**2 - 25*b + 27*b - 4*b**2. Let d(v) = 4*u(v) + 3*y(v). Give d(2).
-23
Let f = -70 + 48. Let o be 27/18*(f - -2). Let c = o - -30. Let h(t) = t**3 - t**2 - 7. What is h(c)?
-7
Let y(a) = 448*a**3 + 20 + 443*a**3 - a**2 - 892*a**3 - 7*a**2 + 11*a. Calculate y(-9).
2
Let z(p) be the third derivative of -p**4/24 - p**3 + 9*p**2 - 6*p. Suppose -5*b - 24 = -b. Give z(b).
0
Let w(x) be the second derivative of 2*x**3/3 + 9*x**2/2 - 172*x. What is w(-6)?
-15
Let z(k) be the third derivative of -k**6/120 + 2*k**5/15 + k**3/3 - 66*k**2. Let f = 28 + -20. Give z(f).
2
Let d be (17/((-272)/72))/(6/(-4)). Let c(j) be the third derivative of 0*j + 4*j**2 - 1/2*j**d + 0 + 1/24*j**4. What is c(-6)?
-9
Let s(l) = -2*l**2 + 9*l**2 - 2*l**3 - 20*l**2 + 4 + 7*l**2 + 8*l + l**3. What is s(-7)?
-3
Let t(u) be the first derivative of u**3/3 + 5*u**2/2 - 8*u + 62. Calculate t(-8).
16
Let a(m) = -m**3 - 2*m**2 - m - 1. Let c(g) = g - 17. Let k(x) = -1. Let h(y) = -c(y) - 5*k(y). Let r be h(16). Let n be 0 - 5/(10/r). Determine a(n).
11
Let v(r) = -7*r - 29 - 28 - 34 + r**2 + 90. Calculate v(9).
17
Let z(i) = -i**3 + 10*i**2 - 13*i + 20. Let c(s) = -2*s**3 + 10*s**2 - 15*s + 22. Let m(o) = 2*c(o) - 3*z(o). Determine m(-11).
6
Let k(a) be the second derivative of 1/12*a**4 + 0 + 4*a + 3/2*a**3 - 5/2*a**2. Let z be k(-9). Let j(b) = b - 3. Calculate j(z).
-8
Let m = -114 - -125. Let o(n) = m*n - n**2 - 3 + 4 - 6*n. Give o(6).
-5
Let v(h) = h**2 - 6*h - 3. Suppose -9*d + 1302 = 5*d. Let x = d - 87. What is v(x)?
-3
Let o(r) = r**3 + 2*r**2 + 1. Let y be o(-2). Let k = -6 + y. Let d(s) be the first derivative of s**3/3 + 4*s**2 + 5*s - 4. Give d(k).
-10
Suppose 8*d - 3*w - 3 = 5*d, -d = 3*w + 11. Let y(n) = 4*n + 5. Calculate y(d).
-3
Suppose h = -5*x - 13 + 1, -h = 2. Let c(i) = -i - 4. Let z(k) = k + 4. Let d(u) = -6*c(u) - 5*z(u). Give d(x).
2
Let x(t) = -2*t + 10 - 2*t - 24 + 13. Determine x(-1).
3
Let r(y) = -21*y**2 + y + 2*y**3 + 1 + 5*y**2 + 10*y**2. Let c be r(3). Let w(x) = -4*x + 2. Give w(c).
-14
Suppose -5*o + 31 + 9 = 0. Let t(p) = -p**3 + o*p**2 + 10 - 8*p + 13 - 25 + 9. Determine t(7).
0
Let q be 8 - (1 - -8)*1/(-3). Let o(n) = 3*n - 17. Let p(g) = 2*g - 9. Let m(w) = q*p(w) - 6*o(w). What is m(-2)?
-5
Let i(m) = 8*m + 26. Let y(z) = 3*z + 15. Let r(v) = -6*v - 29. Let q(g) = -6*r(g) - 11*y(g). Let t(n) = -4*i(n) + 11*q(n). Calculate t(4).
-1
Let d(b) be the first derivative of -b**2/2 + b - 151. Let k(i) = -i + 6. Let s be k(8). Give d(s).
3
Let w(d) = -1440*d**2 + 1432*d**2 + 0*d**3 + 10*d + 14 - d**3. Determine w(-9).
5
Let r(z) = -2*z**3 + z**2. Let s be (3 + -2)/((-2)/6). Let y be -1*s*2/3. Let k be (-1 - y)*2/(-6). Determine r(k).
-1
Let x(r) = r + 24. Suppose 1478 = -14*l + 1184. Give x(l).
3
Let x be (3/(-4))/(3/(-36)). Let j(d) = -d**3 + 8*d**2 + 11*d - 20. Give j(x).
-2
Let g(x) = 16*x - 187. Let a be g(12). Suppose 0*i + 6 = 3*i. Let m(n) = 2 - 16*n**2 + a*n**2 + 8*n**2 + n + 2*n**i. Calculate m(-2).
-4
Suppose 2*c - 36 = -7*c. Let i be (-1 + 2)*(-1 - -1). Let q(j) = 5*j - c*j + i + 0*j - 2. Give q(4).
2
Let i be 5 - 3 - 4/(-1). Suppose 4*j - 94 = i. Suppose 0 = -6*c + c - j. Let a(g) = g + 12. Calculate a(c).
7
Let s(w) = -w**2 + 25*w - 40. Let i be s(23). Let f be (2 - 2/i)/((-13)/(-39)). Let c(a) = -a**2 + 4*a + 6. What is c(f)?
1
Let c(u) be the first derivative of u**4/2 + 3*u**3 - 5*u**2/2 + 7*u + 57. Calculate c(-5).
7
Let l(o) = 2*o + 49*o**2 - 1 - 7*o**2 - 18*o**2 + o - 14*o**2. Calculate l(2).
45
Let m(b) = -37*b + 6 + 16*b + 11*b**2 + 21*b + b**3. Determine m(-11).
6
Suppose 12*b - 21 = 63. Let w(f) = f + 1. What is w(b)?
8
Let a be ((-16)/20)/(2/(-5)). Let f = 0 + a. Let d(r) = r**3 + 0*r**f - 2*r**2 - r**2 + r. Determine d(3).
3
Let i(w) = w**3 - 7*w**2 + 7*w - 1. Let s = -17 + 24. Suppose 2*h - 1 = 5*j, 2*h - s*h = -4*j + 40. Let c = 18 + h. Give i(c).
5
Let w(a) = -13 - 173*a**2 - 163*a**2 + 9*a + 335*a**2. Calculate w(9).
-13
Let a(v) = -6*v + 28. Let d be a(4). Let r(w) be the third derivative of 0 + w**2 + 0*w + 1/3*w**3 + 1/60*w**5 - 1/6*w**d. Calculate r(4).
2
Let f(l) be the first derivative of l**2/2 + l - 3. Let o(s) = s**2 + 4*s - 7. Suppose w = j, -4*w - w = -j + 20. Let k be o(j). What is f(k)?
-1
Let o(f) = -8. Let u(t) = -t - 31. Let j(c) = -15*o(c) + 3*u(c). Determine j(14).
-15
Suppose -d + 6 = d - 2*k, 0 = 5*d + 2*k - 1. Let y be 4/6 + (d - (-10)/(-15)). Let h(s) = s**3 - s**2 + 2*s - 1. Calculate h(y).
1
Let g = 13 - 12. Let f be (g - (3 - 1))*-5. Suppose 2*q = -f*t + 4, 5*q + 5 = -2*t + 15. Let k(o) = -o**2 - o - 2. Give k(t).
-2
Suppose 249 = 17*l + 181. Let z(x) be the third derivative of 0*x + 1/60*x**5 + 0 - 1/8*x**4 + 1/6*x**3 + x**2. Calculate z(l).
5
Let b be 3/(-4) + 44/16. Let x(o) = -2 - 2*o**b - 10*o**2 + 16*o**2 - 2*o. Calculate x(2).
10
Let g(s) = -s**2 + 11*s - 9. Let y = 11 + 0. Let i be g(y). Let x be 2/(12/i)*4. Let u(m) = -m**3 - 6*m**2 + m + 1. Calculate u(x).
-5
Let q(d) be the third derivative of 0*d**4 + 1/2*d**3 + 0 - 1/60*d**5 + 2*d**2 + 0*d. Let r be (4 - 4)/(5 - 3/(-21)*0). Give q(r).
3
Let d(z) = 3*z - z**2 + 0 - 4*z - 7. Let i(s) = 97*s**3 - 2*s**2 - s - 98*s**3 + 2*s. Let m be i(0). Determine d(m).
-7
Let h(x) be the third derivative of x**5/60 - x**4/8 - x**3/3 + 36*x**2. Let u(b) = -2*b - 7. Let l be u(-6). Give h(l).
8
Suppose 4*b + 0*b + 32 = 0. Let k(r) = -5*r**3 + 1. Let n(f) = 11*f**3 + 8*f**2 + f + 4. Let d(o) = -2*k(o) - n(o). Calculate d(b).
2
Let d(x) be the first derivative of -7/3*x**3 + 1/4*x**4 - 9/2*x**2 + 4*x + 14. Determine d(8).
-4
Suppose 3*z - 31 = 4*x, z - 3 = -x - 2. Let h(t) = -1232*t - 1 - 1224*t + 2455*t + 1 - 1. Determine h(x).
3
Let m(b) = 2*b**2 + 7*b - 2*b + b**2 + 6. Let u(i) = 2*i**2 + 2*i + 3. Let r(a) = -3*m(a) + 5*u(a). Let t be -2 - 4/(-3)*6. Calculate r(t).
3
Let j(x) = -3*x**2 + 3*x + 2. Let t(w) = 11*w + 98. Let y be t(-9). Determine j(y).
-4
Let f(u) = -10*u**2 + 11*u - 13. Let z(d) = -d + 7. Let q(g) = g**2 - 8. Let k(t) = -3*q(t) - 4*z(t). Let s(r) = -2*f(r) + 7*k(r). Determine s(4).
6
Let m = -32 - -36. Let n(r) = 14*r**3 + 35*r**2 + 24*r + 41. Let b(i) = 5*i**3 + 12*i**2 + 8*i + 14. Let j(z) = m*n(z) - 11*b(z). What is j(-7)?
3
Let b(m) = -3*m + 1. Let a(i) = 14*i - 26. Let k(w) = -a(w) - 6*b(w). Determine k(-6).
-4
Let n(a) = 3*a**3 + 3*a + a**3 + 6*a**2 - 3*a**3 + 9. Let i be 15/(-2)*56/70. What is n(i)?
-9
Let x(n) = n**3 - 12*n**2 + 17. Let p(q) = -q**2 - q. Let l(k) = 4*p(k) - x(k). Let j be l(7). Let u(f) = -f**3 + 3*f**2 + 4*f - 2. Calculate u(j).
-2
Let g(r) = -r**3 - 5*r**2 - 2*r - 1. Let d be -4 - 8/(-6 - -2). Calculate g(d).
-9
Let l(b) = b**2 + b + 8. Suppose 56 = -10*g + 12*g. Let j = 28 - g. Determine l(j).
8
Let m(s) = s + 28322 + s**2 - s**3 - 28322. What is m(-2)?
10
Let w = 25 - 21. Suppose -w + 